29. Determine l(u).
-5
Suppose -30 = -2*n - 3*n. Let q be 3 + 0 - 3 - n. Let b(z) be the third derivative of z**6/120 + z**5/12 - z**4/4 + 5*z**3/6 + 3*z**2 - 10. Calculate b(q).
5
Suppose -4*h = t - h + 22, -4*h + 8 = -4*t. Let m be t/(-3) - (-6)/(-18). Let j(a) = -4*a**m - a**3 + 2 + 4*a**2 + 2*a**2 - 7*a + 3*a. Calculate j(2).
-6
Suppose s + 4 - 5 = 0. Suppose 3 - s = 2*h. Let z(j) = 1 - 4*j + 2*j + 5*j. Determine z(h).
4
Suppose -2*o - 9 + 25 = 0. Let l(r) = r + 9 - 20 + o. What is l(9)?
6
Suppose -2*p + 2*q + 224 = 0, 3*p - 15 = q + 319. Suppose p = -3*f + 6*f. Let n(z) = -z + f - 37. What is n(3)?
-3
Let d(c) = -3*c**2 - 4*c. Let j(q) = -3*q - 16*q**2 - 10*q**2 - 11*q**2 + 35*q**2. Let y(t) = 3*d(t) - 4*j(t). Calculate y(-2).
-4
Let y(d) = -10964*d**3 + d - 2*d**2 + 5480*d**3 + 5483*d**3. Suppose 6 = -2*t + t - i, -t + 4*i + 9 = 0. What is y(t)?
6
Let l(t) = t**3 + 6*t**2 + 3*t + 2. Let i = -10 - -5. Let a be l(i). Suppose 4*u = z - 19, -5*u - 3*z = a + 16. Let y(m) = -2*m - 7. What is y(u)?
3
Let d(y) = -y**2 + 3*y + 4. Let p = 356 - 508. Let s be (-3 - p/20) + (-12)/20. Give d(s).
0
Let d(x) = -2*x + 2055*x**3 + 2 + 0*x - 2065*x**3 + 0*x**2 + x**2. Give d(1).
-9
Let r(t) be the first derivative of -t**4/4 - t**3 + t**2/2 + 7*t + 236. Calculate r(-3).
4
Let j(l) = l**3 - 4*l**2 + l - 1. Let f = 580 - 577. Determine j(f).
-7
Let j(w) = 159 + 5*w - w**3 - 6*w**2 + 2*w - 157. Calculate j(-7).
2
Suppose 92 + 2 = 2*n. Let u = n - 52. Let l(j) = -j. What is l(u)?
5
Suppose 0 = -7*x + 116 - 53. Let h(y) = y**2 - 6*y - 12. What is h(x)?
15
Let b(z) be the second derivative of -z**5/20 - 11*z**4/12 - 9*z**2/2 + 264*z. Give b(-11).
-9
Let x(l) = l**2 - 17*l - 22. Let a(n) = 85*n - 237. Let u be a(3). What is x(u)?
-4
Let q = 498 - 496. Let n(x) = -3*x**3 + 2*x**2 - 3*x + 2. Give n(q).
-20
Suppose 10*v - 297 = -17*v. Let o(a) = -a**2 + 9*a + 5. Calculate o(v).
-17
Let p be 758/(-10)*1 + (-16)/(-20). Let v = -74 - p. Let g(r) = -17*r**2 - r. What is g(v)?
-18
Let s = 4 - 3. Let p(c) = 10*c**2 + 17*c**2 - 30*c**2 + c**3 + s. Determine p(2).
-3
Let u(p) = 7*p**2 + 6 + 2 - 6*p**2 - p. Let c(x) = -x**2 + 8*x + 2. Let y be c(8). Suppose 3*g - 4*l - 16 = 0, -y*g + 4*l = 2*l - 8. Calculate u(g).
8
Let k(n) be the third derivative of -2*n**4/3 - n**3/6 + 2*n**2 - 2*n. Give k(-1).
15
Let j(k) = -3*k**3 + 3*k**2 + 6*k - 4. Let h(i) = -4*i**3 + 3*i**2 + 6*i - 4. Suppose 3*y = 23 + 22. Let q = 12 - y. Let l(f) = q*j(f) + 2*h(f). Determine l(4).
-4
Let s(a) = -a - 11. Let j(w) = -4*w - 5. Let y be j(-6). Let t = -3 + y. Let n = t + -22. Give s(n).
-5
Let w(n) = n**2 - n - 6. Let l(f) = -3 - 1 + 4 - f. Let m(t) = 6*l(t) - w(t). Let c be m(-5). Let y(o) = o**2 - 5*o - 4. What is y(c)?
2
Let o(p) = -p**3 - p**2 + 7*p + 2. Let x be (5/(-8) - 1) + (-153)/408. Determine o(x).
-8
Let y(l) = -33*l - 3. Let a(m) = 19*m + 2. Let j(v) = -7*a(v) - 4*y(v). Suppose -3*s = -1 - 38. Suppose s + 2 = -3*c. What is j(c)?
3
Let k(i) = i**3 - 7*i**2 - 3*i + 8. Let z be k(8). Suppose -h = -4*n - 2 - z, -h = 2*n + 22. Let y(c) = c**2 + 12*c + 5. Give y(n).
5
Let o(y) = 2*y**3 - y**2 + 4*y - 12. Let c(w) = 5*w**3 + 11*w - 37. Let d(b) = 3*c(b) - 8*o(b). Give d(8).
-7
Let t(h) = 2*h**3 + 23*h**2 + 21*h + 2. Let k(x) = x**3 + 11*x**2 + 10*x + 1. Suppose 3 = -4*n - 33. Let f(u) = n*k(u) + 4*t(u). Calculate f(-6).
-1
Suppose 30*l = 33*l - 15. Let i(d) = l + 8*d**2 + 0 + 8*d - 2 - d**3 + 0*d**2. Determine i(9).
-6
Let q(v) = 19*v + 3. Let z(f) = -3 - 6*f - 7 + 9. Let l(b) = -2*q(b) - 7*z(b). Let c(a) = -a**3 + a**2 + 2*a - 4. Let i be c(0). Determine l(i).
-15
Let l(j) = j - 3 - 3 - 2*j. Let i = 196 + -185. Let r be 2*i/(-33) + (-4)/(-6). Calculate l(r).
-6
Let t(m) = -m**3 - 8*m**2 + 8*m - 12. Suppose -40*c = -36*c + 268. Let k = 58 + c. What is t(k)?
-3
Let q(p) = 11*p**3 - 3*p**2 - 21*p - 8. Let c(x) = 31*x**3 - 11*x**2 - 62*x - 24. Let n(b) = -6*c(b) + 17*q(b). Calculate n(-14).
-6
Let w(n) = 164 + 0*n**3 - 8*n - 8*n**2 - 86 - n**3 - 82. Give w(-7).
3
Let i(m) = 3*m**3 + 5*m**3 - 7*m**3 - 3*m**2 + 3 - 7 + m. Let d(t) = t**2 + 5*t + 3. Let a be d(-5). Let u = a - 0. Determine i(u).
-1
Suppose 3*d - 3*l = -8*l - 32, 5*d = 5*l. Let j(x) = -6*x - 316 - 308 - x**2 + 622. Calculate j(d).
6
Let i(y) = -y**2 + 6*y - 4. Let t(o) = 3*o**2 - o + 1. Let m be t(2). Let k = -144 - -149. Suppose -2*a = 4*u - 20, k*a + 3*u + m = 40. Calculate i(a).
4
Let c = 39 - 27. Suppose -2*m + 46 = 5*z, -5*m + m - c = -3*z. Let g(p) = -p**2 + 7*p + 11. Calculate g(z).
3
Let y be (-14)/(-4) + 9/6. Suppose -y*r = -15 - 0. Suppose 3*f - 3 = -z + r*z, -4*z + 3*f = 15. Let l(c) = c**2 + 5*c - 6. Give l(z).
0
Let b = -44 - -45. Let m(d) = -d - 1. Let a be m(b). Let k(y) = 2*y - 1. Calculate k(a).
-5
Let b(g) = -2*g - 6. Let t be b(-4). Let l be ((-3)/t)/3*0. Let i(x) = -19*x + 6 + 33*x - 13*x. Determine i(l).
6
Let q = 285 - 291. Let u(t) = t + 1. Determine u(q).
-5
Let i(u) be the second derivative of u**4/12 - 13*u**3/6 + 3*u**2 + 150*u. What is i(13)?
6
Let y(r) = -63*r - 13. Let o(t) = 33*t + 7. Let z(f) = 11*o(f) + 6*y(f). Calculate z(1).
-16
Let l(j) = j - 18. Let x(i) = 2*i**2 + 47*i - 1. Let z be x(-24). Give l(z).
5
Let j(n) = -n - 212. Let r(b) = -b - 170. Let g(k) = -4*j(k) + 5*r(k). Let o = 9 - 4. Suppose o*x - 7 + 32 = 0. Determine g(x).
3
Let s(x) be the second derivative of 0 - 1/6*x**3 - 17*x - 2*x**2. Calculate s(-7).
3
Suppose 4*l = 20, -3*z + 8*l = 6*l - 5. Let n(j) = j**2 - 4*j - 1. Give n(z).
4
Let z(a) = a**3 - 6*a**2 - 5*a - 11. Let p(f) = -f**3 + 6*f**2 + 3*f + 10. Let x(d) = 5*p(d) + 4*z(d). Determine x(5).
6
Let z(w) = -6*w + 347 + 0*w**2 + w**2 - 342. Determine z(6).
5
Let x be 36/15 - 10/25. Let m = 3 + 0. Let k(j) = -4*j**3 + 4*j - 3*j**2 + 3*j**3 + j**3 + j**3 - m. What is k(x)?
1
Let j(t) be the first derivative of t**4/4 + t**3 - t**2/2 + t - 1. Suppose -5*h = -130 + 50. Let y = h - 18. Determine j(y).
7
Suppose -2*k - 184 = -10*k. Suppose 4*j = 57 - 21. Let m(x) = x**2 - 2*x**2 + j*x - k + 16. What is m(6)?
11
Let w(a) = 4*a. Let m(v) = -v**3 - 13*v**2 - 23*v - 12. Let y be m(-11). Calculate w(y).
-4
Let c(s) = s**3 + 6*s**2 - 6*s. Let t be 7/(-14) + 13/(-2). Calculate c(t).
-7
Let b(m) be the third derivative of -16*m**2 - 1/60*m**5 + 0 + 0*m + 0*m**3 + 0*m**4. Calculate b(2).
-4
Let z(u) = u**3 - 2*u**2 - u + 2. Suppose 2*l + 17 = 23. Suppose -4*m + 8*m = 4*x, l*x - 2*m = -2. Determine z(x).
-12
Let x = 5 - 0. Let i = -1 - x. Let h(d) = 5 + 0*d**2 - 11*d**2 + 9*d**2 + 3*d**2 + 6*d. Calculate h(i).
5
Let t(x) = 8*x - 6. Let l(n) = 5*n - 4. Let o(p) = 3*l(p) - 2*t(p). Calculate o(6).
-6
Let i(p) = 8*p**3 + 17*p**2 + 12*p + 6. Let s(y) = 3*y**3 + 6*y**2 + 4*y + 2. Suppose -o = o - 22. Let d(f) = o*s(f) - 4*i(f). Calculate d(-2).
-10
Let q(p) = p**2 - 9*p + 2. Let i(j) = -j**2 + 7*j - 2. Let l(b) = 3*i(b) + 2*q(b). Determine l(2).
0
Let v(p) = 2*p. Let g = 84 - 56. Let c be ((-4)/(-7))/((-8)/g). What is v(c)?
-4
Let u(w) = w**2 - 10*w + 12. Suppose -5*d + 2004 = 1964. Give u(d).
-4
Let r be (-22)/(-3) + (-2)/6. Let c = -11 + r. Let s(u) = 2 + 2 + 2 - 4 + 0*u - 2*u. Determine s(c).
10
Let q be (3/(-2))/((-3)/8). Let w be 0 + q*(-12)/(-16). Let l(j) = -j**3 + j**2 + j + 4. Give l(w).
-11
Let m be (-1)/((-5)/2) + (-96)/640. Let t(w) be the first derivative of -3*w - 4 - 3/2*w**2 + 5/3*w**3 - m*w**4. Give t(3).
6
Suppose -2*l + 4*l = 0. Suppose l = -7*f + 12*f. Let y(z) = z + 8. What is y(f)?
8
Let b(a) be the third derivative of -26*a**2 + 0 + 1/12*a**4 + 2/3*a**3 + 0*a. Determine b(-7).
-10
Let p(u) = 1. Let d = 16 - 17. Let v(q) = -9*q + 8. Let a(m) = d*v(m) + p(m). Let o(w) = 4*w - 4. Let j(t) = -3*a(t) + 7*o(t). Give j(6).
-1
Let m(t) = -26*t**2 - 22*t**2 + 45*t**2 + 2 + 0*t**3 + t**3 - 3*t. Let s(n) = 2*n - 5. Let b be s(4). Give m(b).
-7
Let x = -15 - -17. Suppose 5*d + 5 = x*w, -1 - 2 = -3*d. Let q(t) = -t**3 + 6*t**2 - 7*t + 1. Determine q(w).
-9
Let p(g) = -g**2 + 5*g + 17. Suppose 11*s = 30*s - 133. Calculate p(s).
3
Let o(r) = -2*r**2 - 3*r - 2. Let j(c) = 2*c**2 - 7*c + 6. Let d be j(3). Suppose 4*v - 4 = d*u, -2*u + 24 = -4*v - 6*u. Calculate o(v).
-4
Let g(v) = v**3 + 4*v**2 - 3*v + 7. Let t be (0 + 4/(-5))/(26/130). What is g(t)?
19
Suppose 0 = -0*r + 2*r - 10. Let i(l) =